*s, -17 = 5*s - a. Suppose 9*d = x*d + 203. What is the remainder when 85 is divided by d?
27
Let r(o) = -651*o - 2785. What is the remainder when 945 is divided by r(-5)?
5
Suppose 8 = 3*d - 7. Let n(b) = -b + 8. Let c be n(d). Suppose -c*m + 3*i = -33, -4*m + 60 = 4*i - 0*i. What is the remainder when 34 is divided by m?
8
Let w be (76/10)/((-5)/25*1). Let f = w + 57. Calculate the remainder when 55 is divided by f.
17
Suppose -4*n + 13221 = 4*y + 3065, 2523 = y - 3*n. What is the remainder when y is divided by 845?
0
Let g be (0 + 2*-1)*(-16)/(-32). What is the remainder when g/(-2)*(-218)/(-1) is divided by (3 + 0)*(-148)/(-12)?
35
Suppose -31*p + 162 = -55. Calculate the remainder when p is divided by (11 - 1)*(3/6 - 0).
2
Let p(l) = l**3 + 9*l**2 - 50*l + 211. Calculate the remainder when p(7) is divided by 116.
65
Suppose 33 = 3*s + 5*g, 4 = -4*s + g + 25. Let m(w) = 16*w - 13. Let k be m(1). Suppose 0 = k*h - h - s. What is the remainder when h is divided by 1?
0
Let r(f) = f**2 + 20*f + 207. Suppose 0 = 3*c + 5*c - 416. Calculate the remainder when r(-11) is divided by c.
4
Let k = 4995 - 4699. What is the remainder when 604 is divided by k?
12
Let t(h) = -h**3 + 51*h**2 + 463*h - 43. What is the remainder when 5602 is divided by t(-8)?
5
Let u = -124 - -327. Suppose 57 + u = 2*r. Calculate the remainder when r is divided by 33.
31
Suppose -54*m + 216 = -1242. Calculate the remainder when 36 is divided by m.
9
Calculate the remainder when 2486 is divided by 144/30*10/6.
6
Suppose -37*d + 5575 - 1357 = 0. Calculate the remainder when d is divided by 14.
2
Suppose 7*i = 2*i + 5*h + 45, -5*h = 2*i - 11. Calculate the remainder when 6/i*(-2704)/(-78) is divided by 22.
4
Let u(x) = -x**3 + 9*x**2 + 2*x - 3. Let b be (-2 + 3)/(1/9). Let h be u(b). Suppose -51 + h = -6*k. What is the remainder when 35 is divided by k?
5
Let b(v) = -3*v**2 - 93*v - 100. Let t be b(-29). Suppose 9*h = 299 - t. Let f(l) = l + 13. Calculate the remainder when h is divided by f(0).
12
Let u = -16626 - -19648. What is the remainder when u is divided by 28?
26
What is the remainder when 17 is divided by (-70)/10 - (-5 - 0) - -6?
1
Let h(a) = -a**2 + 205*a + 25. Calculate the remainder when 7044 is divided by h(0).
19
Suppose 4*u - 3640 = -4*j, 3*u + 4*j - 4553 = -2*u. What is the remainder when u is divided by 36?
13
Let r = 152 - 105. Suppose 0 = 40*o - 36*o - 64. Calculate the remainder when r is divided by o.
15
Suppose 0 = -30*c + 8484 + 23406. What is the remainder when c is divided by 89?
84
Suppose x + 844 = 3*g, -28*x + 31*x = -3*g + 852. What is the remainder when g is divided by 25?
7
Suppose -11*s - 526 = -1615. Calculate the remainder when 5345 is divided by s.
98
Suppose -4*r = -2*q + 3*q - 3481, -4*r = 4*q - 13852. Calculate the remainder when q is divided by 20.
17
Let n = 11344 - 11296. Calculate the remainder when 857 is divided by n.
41
Suppose -2*f = -3*n - 23509, -168*f + 167*f - 5*n = -11761. What is the remainder when f is divided by 140?
136
Let t(o) = -11*o - 13. What is the remainder when 1 - 2 - (6 - 173) is divided by t(-5)?
40
Let n(b) = b**3 - 19*b**2 - 5*b + 17. Let i be n(19). Let v be 4/(8/i) + 4. Let z = -16 - v. What is the remainder when z is divided by 4?
3
Suppose 3*n - 6*n - 183 = g, 4*g + 657 = 3*n. Let j = 317 + g. Calculate the remainder when j/((-18)/81 + 33/27) is divided by 38.
35
Suppose 2137 = h - 2*w, 27*h + 10693 = 32*h - 2*w. What is the remainder when h is divided by 143?
137
Suppose -47 = 2*c - 51. Suppose -n + c*n = 5. Let t = 8 + 20. What is the remainder when t is divided by n?
3
Let f(n) = 433*n - 8496. What is the remainder when f(20) is divided by 73?
18
Suppose -46442 = -3419*q + 3408*q. What is the remainder when q is divided by 25?
22
Suppose -3*q + 150 = 3*v, 0*q - 3*q = 5*v - 242. Let z(c) = -c**2 + 92*c + 90. What is the remainder when z(0) is divided by v?
44
Let s = 2 + -1. Let w be (33/(-9) - -3) + 2/3. Suppose -25 = -5*k - w*k. What is the remainder when k is divided by s?
0
Calculate the remainder when ((-4)/(-10) + (-825507)/555)/(-1) is divided by 6.
5
Let k be 6932 + 1 + (3 + 3)*1. Suppose 7*i = k - 2046. Calculate the remainder when i is divided by 13.
10
Let u = 170237 - 170223. Let w be 2/5*(1 + 4). Suppose 46 = w*t - 64. Calculate the remainder when t is divided by u.
13
Suppose -72 = -l - 2*l. Let s = 43 - l. Suppose -4*r = 3*p - 222, 5*p - 528 + 158 = 2*r. What is the remainder when p is divided by s?
17
Let n(d) = d**3 - 12*d**2 + 23*d + 496. What is the remainder when n(12) is divided by 135?
97
Calculate the remainder when 718 is divided by 3/(-1)*(-928)/96.
22
Suppose -m + 22 = -4*s + 2*s, 2*s = -5*m + 170. What is the remainder when 62 is divided by m?
30
Suppose -65*b + 12761 + 5686 = 1547. Calculate the remainder when 976 is divided by b.
196
Let w = 122 - 117. Suppose -5*d - w*c + 13 - 68 = 0, -c = 4*d + 56. Let l = 112 + d. What is the remainder when l is divided by 25?
22
Let r = 3360 - 3299. Calculate the remainder when 4450 is divided by r.
58
Let i = 17206 - 16919. Calculate the remainder when i is divided by 146.
141
Let l(u) = 3*u**2 + 27*u + 23. Let g be l(-9). Suppose g*c - 236 + 6 = 0. What is the remainder when c is divided by 4?
2
Let h(y) = 23*y + 8*y + 28 - 65 - 27*y**2 + 87 + 132 - y**3. What is the remainder when h(-28) is divided by 42?
14
Let h(d) = -14*d + 5. Let n(u) = -2*u**2 + 3*u + 4. Let k be n(3). What is the remainder when h(k) is divided by (2/6)/(19/(-23826)*-22)?
18
Let n = -26 + 37. Suppose -5*c + 15 = 5*i, -1 = 3*i + n. Let s(g) = -3*g + 2. What is the remainder when s(-6) is divided by c?
6
Suppose 4*s - 8*s = 2*f - 312, 0 = 2*s - 5*f - 144. Suppose s*h = 67*h + 3200. What is the remainder when h is divided by 82?
74
Suppose -q - 9 = 1. Let m = -8 - q. Let h(s) = 3*s**2 + 28*s + 66. What is the remainder when m is divided by h(-5)?
0
What is the remainder when (101/2)/((-2)/(-4)) is divided by (1696/64*(6 + -3))/((-3)/(-2))?
48
Let g be (1 - 3/3)/4. Suppose 10*w - 5*w - 40 = g. Suppose 280 = w*p - 0*p. Calculate the remainder when p is divided by 20.
15
Let x(w) = 5*w**2 - 43*w - 479. What is the remainder when 1214 is divided by x(-11)?
16
Suppose -y + 6584 = -3*f, 2*y + 5*f - 3924 = 9288. What is the remainder when y is divided by 9?
8
Suppose 6088 = 2*b + 6*m, -3*b + 6029 = 4*m - 3113. Calculate the remainder when b is divided by 43.
40
Calculate the remainder when ((-25749)/(-51) - 2) + (-252)/(-2142) is divided by 165.
8
Suppose 0 = -5*u + 5*o + 45, -2*u - 3*o + 3 - 10 = 0. Suppose -5*a = -4*f - 148 - 307, 115 = a + u*f. What is the remainder when a is divided by 31?
2
Suppose 1200 = -327*n + 330*n. What is the remainder when n is divided by 67?
65
Let c(g) = 29*g**2 - 3*g + 18. Let x be c(3). Suppose -x = -10*b + b. Calculate the remainder when b is divided by 13.
4
Suppose 9*c = 86 - 5. Suppose -c*s + 2*s = -903. What is the remainder when s is divided by 35?
24
Let h be (-6)/4*3*-2. Suppose 0 = i + 2*i + h, 5*k + 3*i = 441. Let o = k + -71. Calculate the remainder when 93 is divided by o.
17
Let s = -43 - -64. Suppose -2*a = 10, -3*w - 2*a - a + 6 = 0. Suppose -w*q - 9*q + 944 = 0. What is the remainder when q is divided by s?
17
Suppose 12314 = 5*o + 2*t, -2*t + 2452 = o + 2*t. Suppose -16*j - 656 = -o. What is the remainder when j is divided by 9?
5
Suppose 0*p - 2303 = -4*r - 5*p, -1 = p. Suppose -7*k + 3*k = 3*x - r, 0 = -3*k - 3*x + 435. What is the remainder when k is divided by 15?
7
Suppose 1515 = 7*f - 81. Let a = f - 210. Calculate the remainder when 51 is divided by a.
15
Calculate the remainder when 223 is divided by (-19)/(-285) + 18528/180.
17
Let x(w) = 7*w**2 - 57*w + 69. Calculate the remainder when 2497 is divided by x(8).
57
Suppose 0 = -v + 4*v + 4*d - 53, -13 = -3*v + 4*d. Let q(w) = -w**3 + 8*w**2 + 37*w - 19. What is the remainder when 93 is divided by q(v)?
18
Let y be (-10 - -11)*622/(-2). Let p = -43 - y. Suppose 0 = 5*u - p + 38. Calculate the remainder when 136 is divided by u.
44
Let z(h) = -h + 48. Suppose -9*x = -98 - 28. What is the remainder when 203 is divided by z(x)?
33
Suppose -32*b + 4862 = 2*b. Let u = 10 - -2. What is the remainder when b is divided by u?
11
Suppose -v + 454 = -4*n, 0 = v - 627*n +